1
What is the value of 15 - (12 - 9 - -12)?
0
Calculate 6 + 0 + -17 + 6.
-5
What is the value of -3 + (0 + 2 - 2)?
-3
Calculate 1 + (-8 - -6 - 1).
-2
What is the value of -82 + 77 + 0 + 7?
2
What is 3 - (-14 + 29) - (-6 - 0)?
-6
What is (6 - (-19 - -12)) + -17?
-4
Evaluate 0 - (1 + 3 + -8).
4
Calculate 11 + (-35 - -11) + 8.
-5
Calculate ((10 - 4) + -9 - 0) + -1.
-4
What is the value of -7 - (-4 + (0 - 0))?
-3
What is (1 - 1) + 4 + 8 + -11?
1
Calculate -2 + -1 + (3 - 2 - 2).
-4
Evaluate ((-1 - 3) + 3 - -3) + -1.
1
10 + -10 + 0 + 5
5
What is the value of (-2 - 3) + (7 - (7 + -3))?
-2
What is the value of 1 + -7 + -5 + 12?
1
Calculate -11 + (-5 - -14) + (1 - 0).
-1
What is -2 - (-1 + (-3 - -2))?
0
Evaluate 4 - ((-4 - -5) + 6).
-3
What is the value of 13 - 12 - (6 - -2)?
-7
What is the value of 2 + (0 - 4) + -3?
-5
What is (3 - 4 - (4 - 3)) + 7?
5
What is 3 + (-1 - 2) + (2 - -2)?
4
What is -7 + (10 - 17) + 5?
-9
What is the value of 0 + (-7 - (-18 + 5))?
6
Evaluate 2 + 0 - -3 - 8.
-3
What is the value of 1 + 7 + (-12 - (6 + -15))?
5
(3 - 3) + 6 + 7 + -12
1
Evaluate -16 + 20 + 0 + -2.
2
Calculate 16 + -5 - (-6 + 16).
1
What is -8 + 14 + -12 - -13?
7
Calculate -3 - (5 - 3) - (-21 - -25).
-9
What is (0 - -4 - 4 - 3) + -2?
-5
What is -1 - ((-3 - -2 - 2) + -1)?
3
Calculate -5 + -3 + (-1 + -2 - -15).
4
What is (-6 - (5 + -6 - 2)) + -1?
-4
2 - 2 - (-8 + 13)
-5
-15 + 15 + (0 - 2) - 1
-3
Calculate -16 + 7 + 3 + 0.
-6
What is (22 - 15) + 0 + -11?
-4
What is the value of 2 + 2 - (-2 + 7)?
-1
What is (-1 - 2 - -4) + (0 - 8)?
-7
Calculate -4 - 0 - (1 + -6).
1
What is the value of -4 - (-8 - (-4 + (-2 - -1)))?
-1
Calculate 0 + (-1 - -5) - (-4 + 4).
4
(1 + 2 - 7) + 4 + -2
-2
What is (57 - 62) + (-1 - (-5 - -1))?
-2
20 + -29 + (15 - -2)
8
-5 + (2 + 8 - (3 - 0))
2
Evaluate 13 + -5 - ((-7 - -8) + 0).
7
Calculate -2 + 6 + 2 + 1 + -6.
1
Calculate -11 + 13 - (-2 - 6).
10
0 + 2 + 12 + -16
-2
Calculate -10 - (-5 - -3) - 0.
-8
What is 5 - (5 - (-4 - 4 - -2))?
-6
Evaluate 8 + -3 + (-8 + 16 - 9).
4
-1 - (-1 - (-2 + 2 - 3))
-3
-11 + 8 + 2 + 1 + 0
0
Calculate (-1 - 2 - (9 - 11)) + 4.
3
0 + -1 - (-5 + 1)
3
Evaluate -1 + -9 + 1 - (5 - 9).
-5
6 - 1 - 1 - (2 - -3)
-1
Calculate 1 - (4 - (-4 - -3) - 6).
2
What is 3 - (3 - (3 + 3 + 0))?
6
-9 + 8 + -8 + (3 - 1)
-7
Evaluate (0 - -3) + (3 - (8 - 7)).
5
What is the value of 7 - (3 + (-5 - -6))?
3
Calculate -34 + 36 - (7 + -2 - 2).
-1
What is 1 + 1 + 8 + -18 + 7?
-1
What is -2 + 0 + -4 + 8?
2
Evaluate 0 + 3 + -3 + 3 - 4.
-1
Calculate (0 - 0) + 20 + -19.
1
What is -11 + (-9 + 25 - 10)?
-5
What is -3 - -1 - (-9 - -7)?
0
What is 3 + (7 - 4) - 4?
2
1 + -5 - 4 - -7 - -2
1
What is the value of -4 + 2 + 5 + (1 - 5)?
-1
Calculate 2 - (4 - (0 - (2 - 3))).
-1
Calculate (-2 - -1 - (-1 - 1)) + 2.
3
What is the value of (-3 + 3 - (-11 - -4)) + -2?
5
Evaluate (5 - (-8 + 6)) + -2.
5
What is the value of (-4 + 2 - (-1 + -4)) + -1?
2
Evaluate -3 - 4 - (-4 + 0 + 1).
-4
What is 2 - (0 - -1 - (9 + -7))?
3
Calculate -2 - (-2 - (0 + -4)).
-4
-22 - (-22 + 11) - -2
-9
Evaluate -3 + (-2 - 1) + 7.
1
Calculate 1 - (-3 + 11 + (1 - 17)).
9
-1 - (10 - 6) - -2
-3
What is the value of 3 - (-2 + -2 - (2 - 7))?
2
Calculate (-3 - 0) + 11 + (3 - 7).
4
What is 2 + (1 - 0) - 8?
-5
Evaluate -1 + (3 - 1) + -4.
-3
What is the value of -22 - -22 - (-1 + 1) - 3?
-3
Evaluate -8 - -5 - (-4 - (-2 + 1)).
0
Evaluate 0 + -2 + -2 + 6.
2
What is (4 - (0 - (-3 + 4))) + -3?
2
What is -5 + (7 - 8) + 6?
0
What is (-2 - -6) + -4 + -1?
-1
What is the value of (0 - -2) + -3 - (9 + -7)?
-3
5 + 0 + (3 + 10 - 15)
3
What is (3 - (6 + 5 + -5)) + -2?
-5
Calculate -2 + (0 - -6 - 3) + 3.
4
(79 - 79) + (-1 + 4 - -1)
4
What is 6 - (-11 + 20) - 0?
-3
Calculate 0 + 3 - (1 - -1) - 4.
-3
Calculate 2 - 4 - -3 - -2 - 0.
3
What is the value of -4 - (3 - (5 + 1)) - 5?
-6
What is the value of -15 + 12 + 1 + -1 + 1?
-2
Evaluate 2 + 4 + -5 + -1.
0
Evaluate 7 - (-2 + (8 + -8 - -14)).
-5
Calculate (2 - -2) + 0 + 1.
5
Calculate (4 - -1) + (-26 - -24).
3
What is 2 + (-14 - -17) - (6 + 1)?
-2
Evaluate -2 + (3 - 7) + 1 + 3.
-2
Calculate 4 - (4 + -4) - -2.
6
Calculate -3 + 0 + 11 - 9.
-1
Evaluate -3 - -1 - (-3 - (-5 + 6)).
2
Evaluate -8 + 3 - (0 + -4).
-1
What is the value of -1 + 0 + 2 + (0 - 0)?
1
What is 0 - 5 - (0 - 4)?
-1
What is 5 - (6 + -4 - 1)?
4
What is (4 + -7 - -6) + (-4 - 1)?
-2
What is the value of (51 - 46) + 2 + -7?
0
Evaluate -7 + 10 + -1 + -6.
-4
Calculate 11 + -4 - 2 - 10.
-5
Evaluate 13 + -35 + 10 + 13.
1
What is 5 + -7 - (3 + -4 + 2)?
-3
What is -3 + 2 - (-8 + (10 - 6))?
3
What is the value of -7 - ((-5 - -11) + -19)?
6
0 + -8 + 2 + 3
-3
What is -3 + -7 + 3 + 10?
3
Evaluate (3 - 0) + (175 - 172).
6
What is the value of (0 - 0 - -4) + 4 + -6?
2
Calculate 4 + -4 + 0 + 5.
5
What is -1 + 2 - (0 + -6 + 3)?
4
11 + (2 - (-3 + 7))
9
Calculate 0 + -3 + 2 + -3.
-4
What is (1 - -1) + (12 - 9)?
5
What is the value of -3 + (0 - 2) + 10?
5
What is the value of 3 + (-2 - (0 - 1)) - -3?
5
What is the value of (11 - 0 - (20 - 14)) + -9?
-4
Evaluate -4 - -3 - -5 - 10 - -8.
2
Evaluate 0 - 5 - 2 - (-4 + 2).
-5
What is the value of 5 + -8 + (-1 - -4) + 4?
4
Evaluate 2 - (0 - (6 - 11 - 4)).
-7
What is the value of -8 + (3 - -11) + -17?
-11
(-8 - (-5 + 3)) + 11
5
What is -3 + 5 - (3 + -3 + 5)?
-3
Evaluate (-6 - -1 - -2) + 6 - 8.
-5
What is the value of 2 - (7 - (6 + -4))?
-3
Evaluate (-7 - -7) + -2 + 5 + -2.
1
(-2 - -7) + -3 + 0
2
What is the value of (-2 - -4) + (-3 - (3 - 8))?
4
What is the value of 2 + -2 + 0 + 6 + -11?
-5
Evaluate -2 - (3 + -4) - 2 - 1.
-4
What is the value of 1 + (6 - -1) - 10?
-2
Calculate -13 + (9 - (4 - 15)).
7
8 - (4 + (1 - (-1 - -3)))
5
Evaluate -2 + 6 + (6 + -2 - 12).
-4
What is (-10 - -1) + (-14 - -25)?
2
Calculate 4 - ((-14 - -1) + 11).
6
1 - (-2 + 3) - 1
-1
What is the value of (-5 - -1 - 0) + 2 + -1?
-3
Calculate -88 + 80 - ((0 - 4) + 3).
-7
Calculate -3 + -4 + (6 - -7).
6
What is the value of (516 - 510) + (-3 - (-1 + 1))?
3
What is the value of 6 + -3 + (-2 - (-7 - -3))?
5
Evaluate -5 + 12 + (-2 - 3) + 1.
3
What is the value of (1 - -1) + 2 + 3 + -5?
2
What is the value of -18 - (-6 + (5 - 12))?
-5
What is the value of (1 - 12) + 7 + (2 - 2)?
-4
-4 + 8 - (2 - (-4 + 2))
0
Evaluate -2 - -6 - (0 - -4).
0
Evaluate 3 + (0 - 0) + -6 + 6.
3
What is -12 - 0 - (96 + -103)?
-5
Calculate 8 + (-8 - -6 - 21 - -5).
-10
What is the value of (3 - 6 - -1) + (4 - -3)?
5
0 + (-6 - -10) - -1
5
Calculate (3 - 4 - -3) + -6.
-4
Calculate -12 + 6 - -6 - (-5 - -1).
4
What is the value of (2 + -1 - 0) + (-2 - -3)?
2
-25 - -11 - (-9 + 3)
-8
1 + 1 + -6 + -1 + 10
5
What is the value of 6 + -4 + -2 + -2?
-2
What is -8 + (11 - -7) + -9?
1
2 - -2 - (2 + 1)
1
Evaluate 6 - ((3 - -3) + (-2 - 4)).
6
Evaluate (-3 - -2) + -13 + 9.
-5
What is the value of (4 - -10 - 6) + 1 + -5?
4
0 + -2 - (5 - 5 - -2)
-4
Calculate 5 + -1 - 3 - 2.
-1
Evaluate 0 + 2 - (-33 + 32).
3
Calculate 3 - 1 - (0 + -4 - -7).
-1
What is the value of (30 - 19) + -5 + -1?
5
8 - (13 + -4 + -1) - 3
-3
What is the value of (-3 - (3 + -1)) + 5 + -7?
-7
-1 + (4 + -3 - 5)
-5
Evaluate -1 + (-4 - (6 - 13 - -3)).
-1
What is (24 - 21) + 0 + 4?
7
Evaluate 1 + (-7 - -6 - 2).
-2
Calculate 1 + -3 - (5 + -8).
1
What is (-6 - (2 + -7)) + -5?
-6
What is the value of 4 + (4 - (2 + -8 - -10))?
4
What is -8 + 3 + (38 - 41)?
-8
What is the value of -6 + (0 - 1) - (10 + -12)?
-5
What is the value of 1 - (8 - (6 + -1))?
-2
Calculate -4 + (-3 + 3 - (-2 + 0)).
-2
What is the value of (8 - 1) + (-19 - (14 - 27))?
1
What is 2 + 2 + -2 + (2 - 1)?
3
What is 0 - (8 - (-6 - -17))?
3
What is the value of -2 + (-9 + 2 - -2 - -7)?
0
Evaluate 11 + -7 - 10 - 0.
-6
What is the value of -3 - 0 - -7 - (-8 + 16)?
-4
Calculate (-7 - (-3 + 5)) + 6.
-3
What is the value of 10 - (11 - 5) - 5?
-1
What is (-3 - (-8 + 5 + 2)) + -3?
-5
What is the value of (0 - (6 + -4 - 1)) + 6?
5
(-8 - -13 - 8) + 5
2
3 - -3 - (6 + 1)
-1
What is the value of 4 - (-27 + 30 + -1 + 3)?
-1
Calculate 5 + -2 + -3 - (2 - 1).
-1
What is 2 - (-48 + 43 - (-1 - 0))?
6
What is the value of (-9 - (-7 - (-10 + 7))) + 13?
8
What is 4 + (1 + -2 - (3 + -5))?
5
Calculate 3 - (2 + 2 + -1 + 1).
-1
What is the value of 3 + -2 + 4 + -1?
4
What is -5 + 7 + (-1 - -4) + -5?
0
Calculate 1 + -2 + 39 + -37.
1
What is -7 - 0 - (-6 + (24 - 18))?
-